{"id":777,"date":"2024-06-05T06:42:26","date_gmt":"2024-06-05T06:42:26","guid":{"rendered":"https:\/\/hssoluciones.deditec.dev\/?page_id=777"},"modified":"2024-06-13T11:21:37","modified_gmt":"2024-06-13T11:21:37","slug":"instalacion-y-mantenimiento-redes-informaticas","status":"publish","type":"page","link":"https:\/\/hssoluciones.deditec.dev\/index.php\/instalacion-y-mantenimiento-redes-informaticas\/","title":{"rendered":"Instalaci\u00f3n y mantenimiento redes inform\u00e1ticas"},"content":{"rendered":"\t\t<div data-elementor-type=\"wp-page\" data-elementor-id=\"777\" class=\"elementor elementor-777\" data-elementor-post-type=\"page\">\n\t\t\t\t<div class=\"elementor-element elementor-element-54dcc099 e-flex e-con-boxed e-con e-parent\" data-id=\"54dcc099\" data-element_type=\"container\" data-settings=\"{&quot;background_background&quot;:&quot;classic&quot;}\">\n\t\t\t\t\t<div class=\"e-con-inner\">\n\t\t\t\t<div class=\"elementor-element elementor-element-6674f0c8 animated-slow elementor-invisible elementor-widget elementor-widget-heading\" data-id=\"6674f0c8\" data-element_type=\"widget\" data-settings=\"{&quot;_animation&quot;:&quot;slideInUp&quot;}\" data-widget_type=\"heading.default\">\n\t\t\t\t<div class=\"elementor-widget-container\">\n\t\t\t<style>\/*! elementor - v3.21.0 - 25-04-2024 *\/\n.elementor-heading-title{padding:0;margin:0;line-height:1}.elementor-widget-heading .elementor-heading-title[class*=elementor-size-]>a{color:inherit;font-size:inherit;line-height:inherit}.elementor-widget-heading .elementor-heading-title.elementor-size-small{font-size:15px}.elementor-widget-heading .elementor-heading-title.elementor-size-medium{font-size:19px}.elementor-widget-heading .elementor-heading-title.elementor-size-large{font-size:29px}.elementor-widget-heading .elementor-heading-title.elementor-size-xl{font-size:39px}.elementor-widget-heading .elementor-heading-title.elementor-size-xxl{font-size:59px}<\/style><h1 class=\"elementor-heading-title elementor-size-default\">Instalaci\u00f3n y Mantenimiento de Redes Inform\u00e1ticas<\/h1>\t\t<\/div>\n\t\t\t\t<\/div>\n\t\t\t\t<div class=\"elementor-element elementor-element-2733ca88 animated-slow elementor-invisible elementor-widget elementor-widget-heading\" data-id=\"2733ca88\" data-element_type=\"widget\" data-settings=\"{&quot;_animation&quot;:&quot;slideInUp&quot;}\" data-widget_type=\"heading.default\">\n\t\t\t\t<div class=\"elementor-widget-container\">\n\t\t\t<h2 class=\"elementor-heading-title elementor-size-default\">En H&S Soluciones, entendemos que una red inform\u00e1tica s\u00f3lida y confiable es la columna vertebral de cualquier empresa moderna. Ofrecemos servicios completos de instalaci\u00f3n y mantenimiento de redes inform\u00e1ticas, dise\u00f1ados para asegurar que tu negocio opere sin problemas y con la m\u00e1xima eficiencia.<\/h2>\t\t<\/div>\n\t\t\t\t<\/div>\n\t\t\t\t\t<\/div>\n\t\t\t\t<\/div>\n\t\t<div class=\"elementor-element elementor-element-ea4acd1 e-flex e-con-boxed e-con e-parent\" data-id=\"ea4acd1\" data-element_type=\"container\">\n\t\t\t\t\t<div class=\"e-con-inner\">\n\t\t\t\t<div class=\"elementor-element elementor-element-3932fc1 elementor-widget elementor-widget-heading\" data-id=\"3932fc1\" data-element_type=\"widget\" data-widget_type=\"heading.default\">\n\t\t\t\t<div class=\"elementor-widget-container\">\n\t\t\t<h2 class=\"elementor-heading-title elementor-size-default\">Instalaci\u00f3n de Redes Inform\u00e1ticas<\/h2>\t\t<\/div>\n\t\t\t\t<\/div>\n\t\t\t\t\t<\/div>\n\t\t\t\t<\/div>\n\t\t<div class=\"elementor-element elementor-element-6dfe85cc e-flex e-con-boxed e-con e-parent\" data-id=\"6dfe85cc\" data-element_type=\"container\" data-settings=\"{&quot;background_background&quot;:&quot;classic&quot;}\">\n\t\t\t\t\t<div class=\"e-con-inner\">\n\t\t\t\t<div class=\"elementor-element elementor-element-48c1d2c elementor-widget elementor-widget-image-box\" data-id=\"48c1d2c\" data-element_type=\"widget\" data-widget_type=\"image-box.default\">\n\t\t\t\t<div class=\"elementor-widget-container\">\n\t\t\t<style>\/*! elementor - v3.21.0 - 25-04-2024 *\/\n.elementor-widget-image-box .elementor-image-box-content{width:100%}@media (min-width:768px){.elementor-widget-image-box.elementor-position-left .elementor-image-box-wrapper,.elementor-widget-image-box.elementor-position-right .elementor-image-box-wrapper{display:flex}.elementor-widget-image-box.elementor-position-right .elementor-image-box-wrapper{text-align:end;flex-direction:row-reverse}.elementor-widget-image-box.elementor-position-left .elementor-image-box-wrapper{text-align:start;flex-direction:row}.elementor-widget-image-box.elementor-position-top .elementor-image-box-img{margin:auto}.elementor-widget-image-box.elementor-vertical-align-top .elementor-image-box-wrapper{align-items:flex-start}.elementor-widget-image-box.elementor-vertical-align-middle .elementor-image-box-wrapper{align-items:center}.elementor-widget-image-box.elementor-vertical-align-bottom .elementor-image-box-wrapper{align-items:flex-end}}@media (max-width:767px){.elementor-widget-image-box .elementor-image-box-img{margin-left:auto!important;margin-right:auto!important;margin-bottom:15px}}.elementor-widget-image-box .elementor-image-box-img{display:inline-block}.elementor-widget-image-box .elementor-image-box-title a{color:inherit}.elementor-widget-image-box .elementor-image-box-wrapper{text-align:center}.elementor-widget-image-box .elementor-image-box-description{margin:0}<\/style><div class=\"elementor-image-box-wrapper\"><div class=\"elementor-image-box-content\"><h3 class=\"elementor-image-box-title\">Proceso de Instalaci\u00f3n<\/h3><p class=\"elementor-image-box-description\">1. Evaluaci\u00f3n de Necesidades: Analizamos la disposici\u00f3n f\u00edsica y los requisitos de tu empresa para dise\u00f1ar una red eficiente y escalable.<br>\n<br>\n2. Dise\u00f1o de la Red: Planificamos una arquitectura \u00f3ptima y seleccionamos los mejores equipos y materiales.<br>\n<br>\n3. Implementaci\u00f3n: Instalamos cables, routers, switches y puntos de acceso Wi-Fi, configuramos y probamos todos los componentes.<\/p><\/div><\/div>\t\t<\/div>\n\t\t\t\t<\/div>\n\t\t\t\t<div class=\"elementor-element elementor-element-d72b146 elementor-widget elementor-widget-image-box\" data-id=\"d72b146\" data-element_type=\"widget\" data-widget_type=\"image-box.default\">\n\t\t\t\t<div class=\"elementor-widget-container\">\n\t\t\t<div class=\"elementor-image-box-wrapper\"><div class=\"elementor-image-box-content\"><h3 class=\"elementor-image-box-title\">Tipos de redes<\/h3><p class=\"elementor-image-box-description\">- Redes LAN: Para conectar dispositivos dentro de una ubicaci\u00f3n espec\u00edfica.<br>\n<br>\n- Redes WAN: Para empresas con m\u00faltiples ubicaciones interconectadas.<br>\n<br>\n- Redes de Fibra \u00d3ptica: Para alta velocidad y mayor capacidad de ancho de banda.<\/p><\/div><\/div>\t\t<\/div>\n\t\t\t\t<\/div>\n\t\t\t\t\t<\/div>\n\t\t\t\t<\/div>\n\t\t<div class=\"elementor-element elementor-element-c79b3d5 e-con-full e-flex e-con e-parent\" data-id=\"c79b3d5\" data-element_type=\"container\" data-settings=\"{&quot;background_background&quot;:&quot;classic&quot;}\">\n\t\t\t\t<\/div>\n\t\t<div class=\"elementor-element elementor-element-d1ce84d e-flex e-con-boxed e-con e-parent\" data-id=\"d1ce84d\" data-element_type=\"container\">\n\t\t\t\t\t<div class=\"e-con-inner\">\n\t\t\t\t<div class=\"elementor-element elementor-element-8c50e52 elementor-widget elementor-widget-heading\" data-id=\"8c50e52\" data-element_type=\"widget\" data-widget_type=\"heading.default\">\n\t\t\t\t<div class=\"elementor-widget-container\">\n\t\t\t<h2 class=\"elementor-heading-title elementor-size-default\">Mantenimiento de Redes Inform\u00e1ticas<\/h2>\t\t<\/div>\n\t\t\t\t<\/div>\n\t\t\t\t\t<\/div>\n\t\t\t\t<\/div>\n\t\t<div class=\"elementor-element elementor-element-c3e7993 e-flex e-con-boxed e-con e-parent\" data-id=\"c3e7993\" data-element_type=\"container\" data-settings=\"{&quot;background_background&quot;:&quot;classic&quot;}\">\n\t\t\t\t\t<div class=\"e-con-inner\">\n\t\t\t\t<div class=\"elementor-element elementor-element-fc173f8 elementor-widget elementor-widget-image-box\" data-id=\"fc173f8\" data-element_type=\"widget\" data-widget_type=\"image-box.default\">\n\t\t\t\t<div class=\"elementor-widget-container\">\n\t\t\t<div class=\"elementor-image-box-wrapper\"><div class=\"elementor-image-box-content\"><h3 class=\"elementor-image-box-title\">Servicios de mantenimiento<\/h3><p class=\"elementor-image-box-description\">Mantenimiento Preventivo: Revisiones peri\u00f3dicas y actualizaciones de software para prevenir problemas.<br>\n<br>\nMantenimiento Correctivo: Respuesta r\u00e1pida a incidencias y reparaci\u00f3n o reemplazo de componentes defectuosos.<\/p><\/div><\/div>\t\t<\/div>\n\t\t\t\t<\/div>\n\t\t\t\t<div class=\"elementor-element elementor-element-7da6fe8 elementor-widget elementor-widget-image-box\" data-id=\"7da6fe8\" data-element_type=\"widget\" data-widget_type=\"image-box.default\">\n\t\t\t\t<div class=\"elementor-widget-container\">\n\t\t\t<div class=\"elementor-image-box-wrapper\"><div class=\"elementor-image-box-content\"><h3 class=\"elementor-image-box-title\">Monitoreo continuo<\/h3><p class=\"elementor-image-box-description\">Supervisi\u00f3n en Tiempo Real: Monitoreo constante para detectar y resolver problemas inmediatamente.<br>\n<br>\nAlertas y Notificaciones: Notificaciones de cualquier problema que afecte el rendimiento de la red.<\/p><\/div><\/div>\t\t<\/div>\n\t\t\t\t<\/div>\n\t\t\t\t\t<\/div>\n\t\t\t\t<\/div>\n\t\t\t\t<\/div>\n\t\t","protected":false},"excerpt":{"rendered":"<p>Instalaci\u00f3n y Mantenimiento de Redes Inform\u00e1ticas En H&#038;S Soluciones, entendemos que una red inform\u00e1tica s\u00f3lida y confiable es la columna vertebral de cualquier empresa moderna. Ofrecemos servicios completos de instalaci\u00f3n y mantenimiento de redes inform\u00e1ticas, dise\u00f1ados para asegurar que tu negocio opere sin problemas y con la m\u00e1xima eficiencia. Instalaci\u00f3n de Redes Inform\u00e1ticas Proceso de [&hellip;]<\/p>\n","protected":false},"author":1,"featured_media":0,"parent":0,"menu_order":0,"comment_status":"closed","ping_status":"closed","template":"","meta":{"footnotes":""},"class_list":["post-777","page","type-page","status-publish","hentry"],"yoast_head":"<!-- This site is optimized with the Yoast SEO plugin v22.8 - https:\/\/yoast.com\/wordpress\/plugins\/seo\/ -->\n<title>Instalaci\u00f3n y mantenimiento redes inform\u00e1ticas - H&amp;S Soluciones<\/title>\n<meta name=\"description\" content=\"Ofrecemos servicios completos de instalaci\u00f3n y mantenimiento de redes inform\u00e1ticas, dise\u00f1ados para asegurar que tu negocio opere sin problemas\" \/>\n<meta name=\"robots\" content=\"index, follow, max-snippet:-1, max-image-preview:large, max-video-preview:-1\" \/>\n<link rel=\"canonical\" href=\"https:\/\/hssoluciones.deditec.dev\/index.php\/instalacion-y-mantenimiento-redes-informaticas\/\" \/>\n<meta property=\"og:locale\" content=\"es_ES\" \/>\n<meta property=\"og:type\" content=\"article\" \/>\n<meta property=\"og:title\" content=\"Instalaci\u00f3n y mantenimiento redes inform\u00e1ticas - H&amp;S Soluciones\" \/>\n<meta property=\"og:description\" content=\"Ofrecemos servicios completos de instalaci\u00f3n y mantenimiento de redes inform\u00e1ticas, dise\u00f1ados para asegurar que tu negocio opere sin problemas\" \/>\n<meta property=\"og:url\" content=\"https:\/\/hssoluciones.deditec.dev\/index.php\/instalacion-y-mantenimiento-redes-informaticas\/\" \/>\n<meta property=\"og:site_name\" content=\"H&amp;S Soluciones\" \/>\n<meta property=\"article:modified_time\" content=\"2024-06-13T11:21:37+00:00\" \/>\n<meta name=\"twitter:card\" content=\"summary_large_image\" \/>\n<meta name=\"twitter:label1\" content=\"Tiempo de lectura\" \/>\n\t<meta name=\"twitter:data1\" content=\"1 minuto\" \/>\n<script type=\"application\/ld+json\" class=\"yoast-schema-graph\">{\"@context\":\"https:\/\/schema.org\",\"@graph\":[{\"@type\":\"WebPage\",\"@id\":\"https:\/\/hssoluciones.deditec.dev\/index.php\/instalacion-y-mantenimiento-redes-informaticas\/\",\"url\":\"https:\/\/hssoluciones.deditec.dev\/index.php\/instalacion-y-mantenimiento-redes-informaticas\/\",\"name\":\"Instalaci\u00f3n y mantenimiento redes inform\u00e1ticas - H&amp;S Soluciones\",\"isPartOf\":{\"@id\":\"https:\/\/hssoluciones.deditec.dev\/#website\"},\"datePublished\":\"2024-06-05T06:42:26+00:00\",\"dateModified\":\"2024-06-13T11:21:37+00:00\",\"description\":\"Ofrecemos servicios completos de instalaci\u00f3n y mantenimiento de redes inform\u00e1ticas, dise\u00f1ados para asegurar que tu negocio opere sin problemas\",\"breadcrumb\":{\"@id\":\"https:\/\/hssoluciones.deditec.dev\/index.php\/instalacion-y-mantenimiento-redes-informaticas\/#breadcrumb\"},\"inLanguage\":\"es\",\"potentialAction\":[{\"@type\":\"ReadAction\",\"target\":[\"https:\/\/hssoluciones.deditec.dev\/index.php\/instalacion-y-mantenimiento-redes-informaticas\/\"]}]},{\"@type\":\"BreadcrumbList\",\"@id\":\"https:\/\/hssoluciones.deditec.dev\/index.php\/instalacion-y-mantenimiento-redes-informaticas\/#breadcrumb\",\"itemListElement\":[{\"@type\":\"ListItem\",\"position\":1,\"name\":\"Portada\",\"item\":\"https:\/\/hssoluciones.deditec.dev\/\"},{\"@type\":\"ListItem\",\"position\":2,\"name\":\"Instalaci\u00f3n y mantenimiento redes inform\u00e1ticas\"}]},{\"@type\":\"WebSite\",\"@id\":\"https:\/\/hssoluciones.deditec.dev\/#website\",\"url\":\"https:\/\/hssoluciones.deditec.dev\/\",\"name\":\"H&amp;S Soluciones\",\"description\":\"\",\"publisher\":{\"@id\":\"https:\/\/hssoluciones.deditec.dev\/#organization\"},\"potentialAction\":[{\"@type\":\"SearchAction\",\"target\":{\"@type\":\"EntryPoint\",\"urlTemplate\":\"https:\/\/hssoluciones.deditec.dev\/?s={search_term_string}\"},\"query-input\":\"required name=search_term_string\"}],\"inLanguage\":\"es\"},{\"@type\":\"Organization\",\"@id\":\"https:\/\/hssoluciones.deditec.dev\/#organization\",\"name\":\"H&amp;S Soluciones\",\"url\":\"https:\/\/hssoluciones.deditec.dev\/\",\"logo\":{\"@type\":\"ImageObject\",\"inLanguage\":\"es\",\"@id\":\"https:\/\/hssoluciones.deditec.dev\/#\/schema\/logo\/image\/\",\"url\":\"https:\/\/hssoluciones.deditec.dev\/wp-content\/uploads\/2024\/04\/logo-hssoluciones-Photoroom.png-Photoroom.png\",\"contentUrl\":\"https:\/\/hssoluciones.deditec.dev\/wp-content\/uploads\/2024\/04\/logo-hssoluciones-Photoroom.png-Photoroom.png\",\"width\":328,\"height\":74,\"caption\":\"H&amp;S Soluciones\"},\"image\":{\"@id\":\"https:\/\/hssoluciones.deditec.dev\/#\/schema\/logo\/image\/\"}}]}<\/script>\n<!-- \/ Yoast SEO plugin. -->","yoast_head_json":{"title":"Instalaci\u00f3n y mantenimiento redes inform\u00e1ticas - H&amp;S Soluciones","description":"Ofrecemos servicios completos de instalaci\u00f3n y mantenimiento de redes inform\u00e1ticas, dise\u00f1ados para asegurar que tu negocio opere sin problemas","robots":{"index":"index","follow":"follow","max-snippet":"max-snippet:-1","max-image-preview":"max-image-preview:large","max-video-preview":"max-video-preview:-1"},"canonical":"https:\/\/hssoluciones.deditec.dev\/index.php\/instalacion-y-mantenimiento-redes-informaticas\/","og_locale":"es_ES","og_type":"article","og_title":"Instalaci\u00f3n y mantenimiento redes inform\u00e1ticas - H&amp;S Soluciones","og_description":"Ofrecemos servicios completos de instalaci\u00f3n y mantenimiento de redes inform\u00e1ticas, dise\u00f1ados para asegurar que tu negocio opere sin problemas","og_url":"https:\/\/hssoluciones.deditec.dev\/index.php\/instalacion-y-mantenimiento-redes-informaticas\/","og_site_name":"H&amp;S Soluciones","article_modified_time":"2024-06-13T11:21:37+00:00","twitter_card":"summary_large_image","twitter_misc":{"Tiempo de lectura":"1 minuto"},"schema":{"@context":"https:\/\/schema.org","@graph":[{"@type":"WebPage","@id":"https:\/\/hssoluciones.deditec.dev\/index.php\/instalacion-y-mantenimiento-redes-informaticas\/","url":"https:\/\/hssoluciones.deditec.dev\/index.php\/instalacion-y-mantenimiento-redes-informaticas\/","name":"Instalaci\u00f3n y mantenimiento redes inform\u00e1ticas - H&amp;S Soluciones","isPartOf":{"@id":"https:\/\/hssoluciones.deditec.dev\/#website"},"datePublished":"2024-06-05T06:42:26+00:00","dateModified":"2024-06-13T11:21:37+00:00","description":"Ofrecemos servicios completos de instalaci\u00f3n y mantenimiento de redes inform\u00e1ticas, dise\u00f1ados para asegurar que tu negocio opere sin problemas","breadcrumb":{"@id":"https:\/\/hssoluciones.deditec.dev\/index.php\/instalacion-y-mantenimiento-redes-informaticas\/#breadcrumb"},"inLanguage":"es","potentialAction":[{"@type":"ReadAction","target":["https:\/\/hssoluciones.deditec.dev\/index.php\/instalacion-y-mantenimiento-redes-informaticas\/"]}]},{"@type":"BreadcrumbList","@id":"https:\/\/hssoluciones.deditec.dev\/index.php\/instalacion-y-mantenimiento-redes-informaticas\/#breadcrumb","itemListElement":[{"@type":"ListItem","position":1,"name":"Portada","item":"https:\/\/hssoluciones.deditec.dev\/"},{"@type":"ListItem","position":2,"name":"Instalaci\u00f3n y mantenimiento redes inform\u00e1ticas"}]},{"@type":"WebSite","@id":"https:\/\/hssoluciones.deditec.dev\/#website","url":"https:\/\/hssoluciones.deditec.dev\/","name":"H&amp;S Soluciones","description":"","publisher":{"@id":"https:\/\/hssoluciones.deditec.dev\/#organization"},"potentialAction":[{"@type":"SearchAction","target":{"@type":"EntryPoint","urlTemplate":"https:\/\/hssoluciones.deditec.dev\/?s={search_term_string}"},"query-input":"required name=search_term_string"}],"inLanguage":"es"},{"@type":"Organization","@id":"https:\/\/hssoluciones.deditec.dev\/#organization","name":"H&amp;S Soluciones","url":"https:\/\/hssoluciones.deditec.dev\/","logo":{"@type":"ImageObject","inLanguage":"es","@id":"https:\/\/hssoluciones.deditec.dev\/#\/schema\/logo\/image\/","url":"https:\/\/hssoluciones.deditec.dev\/wp-content\/uploads\/2024\/04\/logo-hssoluciones-Photoroom.png-Photoroom.png","contentUrl":"https:\/\/hssoluciones.deditec.dev\/wp-content\/uploads\/2024\/04\/logo-hssoluciones-Photoroom.png-Photoroom.png","width":328,"height":74,"caption":"H&amp;S Soluciones"},"image":{"@id":"https:\/\/hssoluciones.deditec.dev\/#\/schema\/logo\/image\/"}}]}},"_links":{"self":[{"href":"https:\/\/hssoluciones.deditec.dev\/index.php\/wp-json\/wp\/v2\/pages\/777","targetHints":{"allow":["GET"]}}],"collection":[{"href":"https:\/\/hssoluciones.deditec.dev\/index.php\/wp-json\/wp\/v2\/pages"}],"about":[{"href":"https:\/\/hssoluciones.deditec.dev\/index.php\/wp-json\/wp\/v2\/types\/page"}],"author":[{"embeddable":true,"href":"https:\/\/hssoluciones.deditec.dev\/index.php\/wp-json\/wp\/v2\/users\/1"}],"replies":[{"embeddable":true,"href":"https:\/\/hssoluciones.deditec.dev\/index.php\/wp-json\/wp\/v2\/comments?post=777"}],"version-history":[{"count":31,"href":"https:\/\/hssoluciones.deditec.dev\/index.php\/wp-json\/wp\/v2\/pages\/777\/revisions"}],"predecessor-version":[{"id":1142,"href":"https:\/\/hssoluciones.deditec.dev\/index.php\/wp-json\/wp\/v2\/pages\/777\/revisions\/1142"}],"wp:attachment":[{"href":"https:\/\/hssoluciones.deditec.dev\/index.php\/wp-json\/wp\/v2\/media?parent=777"}],"curies":[{"name":"wp","href":"https:\/\/api.w.org\/{rel}","templated":true}]}}